f 336?
True
Does 12 divide 336?
True
Is 23 a multiple of 6?
False
Is 19 a factor of 3348?
False
Is 21 a factor of 37947?
True
Does 5 divide 430?
True
Does 24 divide 44?
False
Does 63 divide 8367?
False
Is 2 a factor of 98?
True
Is 3051 a multiple of 113?
True
Does 100 divide 8951?
False
Is 6 a factor of 4905?
False
Is 19 a factor of 22306?
True
Does 79 divide 3435?
False
Does 3 divide 3940?
False
Is 4690 a multiple of 44?
False
Is 10424 a multiple of 14?
False
Is 2 a factor of 5666?
True
Does 77 divide 15246?
True
Is 21 a factor of 630?
True
Does 6 divide 228?
True
Does 18 divide 13105?
False
Is 10 a factor of 361?
False
Is 32 a factor of 28925?
False
Is 1260 a multiple of 10?
True
Is 4529 a multiple of 7?
True
Does 11 divide 470?
False
Does 6 divide 2326?
False
Is 506 a multiple of 24?
False
Is 57 a factor of 740?
False
Is 26 a factor of 7436?
True
Is 1740 a multiple of 30?
True
Is 19950 a multiple of 10?
True
Does 17 divide 97403?
False
Is 40 a factor of 9760?
True
Does 20 divide 620?
True
Is 1210 a multiple of 9?
False
Is 189 a multiple of 9?
True
Is 269 a factor of 23392?
False
Is 130 a factor of 4568?
False
Does 267 divide 39476?
False
Is 34 a factor of 172?
False
Is 826 a multiple of 11?
False
Does 107 divide 14017?
True
Does 102 divide 10488?
False
Is 6 a factor of 51912?
True
Does 3 divide 4650?
True
Is 752 a multiple of 16?
True
Is 17 a factor of 21658?
True
Does 52 divide 31616?
True
Is 19 a factor of 3733?
False
Is 527 a multiple of 17?
True
Is 65072 a multiple of 49?
True
Is 6 a factor of 22675?
False
Is 2275 a multiple of 14?
False
Does 12 divide 33312?
True
Is 1267 a multiple of 15?
False
Is 843 a multiple of 55?
False
Does 3 divide 33?
True
Is 9492 a multiple of 84?
True
Is 784 a multiple of 21?
False
Is 2588 a multiple of 4?
True
Does 72 divide 33499?
False
Is 13 a factor of 193?
False
Does 86 divide 172?
True
Is 282 a multiple of 7?
False
Is 10 a factor of 4661?
False
Does 14 divide 233?
False
Is 8026 a multiple of 17?
False
Does 16 divide 3235?
False
Does 16 divide 57029?
False
Is 7790 a multiple of 95?
True
Is 70 a factor of 1872?
False
Is 51 a factor of 13529?
False
Is 8774 a multiple of 33?
False
Is 1347 a multiple of 15?
False
Is 101 a multiple of 14?
False
Is 23450 a multiple of 25?
True
Is 743 a multiple of 8?
False
Is 9 a factor of 3513?
False
Is 1486 a multiple of 68?
False
Does 189 divide 13986?
True
Is 32 a factor of 1280?
True
Does 5 divide 6675?
True
Is 1920 a multiple of 16?
True
Is 3420 a multiple of 30?
True
Is 904 a multiple of 226?
True
Is 11340 a multiple of 60?
True
Does 12 divide 2171?
False
Is 858 a multiple of 6?
True
Does 20 divide 4175?
False
Does 146 divide 25842?
True
Is 47 a factor of 20405?
False
Does 45 divide 24255?
True
Is 24 a factor of 12792?
True
Does 54 divide 1019?
False
Does 17 divide 35768?
True
Does 43 divide 1417?
False
Is 40 a factor of 10271?
False
Does 33 divide 198?
True
Is 19 a multiple of 4?
False
Is 1972 a multiple of 34?
True
Is 2125 a multiple of 25?
True
Does 51 divide 1824?
False
Does 21 divide 3189?
False
Does 17 divide 612?
True
Is 3907 a multiple of 28?
False
Is 10161 a multiple of 119?
False
Is 75 a factor of 1882?
False
Is 17 a factor of 10812?
True
Is 5344 a multiple of 76?
False
Is 134 a factor of 29212?
True
Is 75 a factor of 16872?
False
Is 1430 a multiple of 8?
False
Does 10 divide 430?
True
Is 18 a factor of 72508?
False
Does 8 divide 22464?
True
Is 2617 a multiple of 13?
False
Is 267 a multiple of 34?
False
Is 155 a factor of 781?
False
Does 16 divide 4805?
False
Does 5 divide 1605?
True
Does 4 divide 92?
True
Is 90814 a multiple of 34?
True
Is 251 a factor of 10793?
True
Is 19 a factor of 627?
True
Is 34 a factor of 54261?
False
Does 6 divide 300?
True
Is 209 a multiple of 45?
False
Is 170 a factor of 6072?
False
Is 7 a factor of 406?
True
Does 6 divide 112?
False
Is 28 a factor of 1313?
False
Is 168 a factor of 3192?
True
Does 31 divide 3117?
False
Is 799 a multiple of 20?
False
Does 13 divide 2546?
False
Is 9 a factor of 247?
False
Is 12560 a multiple of 80?
True
Is 11 a factor of 703?
False
Is 95 a factor of 5510?
True
Does 16 divide 25344?
True
Is 8 a factor of 1051?
False
Is 11 a factor of 33666?
False
Is 12 a factor of 956?
False
Is 5 a factor of 1220?
True
Is 3565 a multiple of 23?
True
Does 7 divide 280?
True
Is 35 a factor of 208?
False
Does 6 divide 5621?
False
Is 11 a factor of 11847?
True
Is 20 a factor of 1153?
False
Is 430 a multiple of 16?
False
Is 3311 a multiple of 43?
True
Is 11 a factor of 3241?
False
Is 4086 a multiple of 86?
False
Is 3480 a multiple of 6?
True
Is 188 a factor of 110573?
False
Does 18 divide 745?
False
Is 29 a factor of 51417?
True
Does 16 divide 35040?
True
Does 46 divide 17515?
False
Is 1116 a multiple of 15?
False
Is 23 a factor of 230?
True
Does 7 divide 383?
False
Does 18 divide 2790?
True
Does 122 divide 18639?
False
Is 114 a factor of 67488?
True
Does 6 divide 2276?
False
Does 18 divide 1026?
True
Is 513 a multiple of 57?
True
Is 5 a factor of 5732?
False
Is 150 a multiple of 25?
True
Is 110 a factor of 70070?
True
Does 6 divide 40728?
True
Does 15 divide 4890?
True
Is 12 a factor of 99?
False
Is 8 a factor of 8184?
True
Is 3432 a multiple of 8?
True
Is 9316 a multiple of 17?
True
Does 14 divide 462?
True
Does 29 divide 69803?
True
Is 16 a factor of 16890?
False
Does 41 divide 10127?
True
Does 54 divide 57?
False
Does 12 divide 1248?
True
Is 315 a multiple of 32?
False
Does 58 divide 58?
True
Is 6814 a multiple of 34?
False
Does 5 divide 137?
False
Is 21170 a multiple of 29?
True
Is 423 a multiple of 141?
True
Is 40 a factor of 13720?
True
Is 14 a factor of 700?
True
Does 25 divide 53407?
False
Is 388 a multiple of 2?
True
Is 19 a factor of 4484?
True
Is 40 a multiple of 3?
False
Does 23 divide 444?
False
Does 2 divide 183?
False
Is 20418 a multiple of 8?
False
Is 2366 a multiple of 160?
False
Is 5 a factor of 1848?
False
Is 91 a factor of 30576?
True
Is 147 a multiple of 2?
False
Does 59 divide 1003?
True
Is 18 a multiple of 2?
True
Is 15 a factor of 827?
False
Is 677 a multiple of 19?
False
Is 17292 a multiple of 66?
True
Is 3 a factor of 33?
True
Is 648 a multiple of 36?
True
Is 733 a multiple of 23?
False
Does 36 divide 216?
True
Is 8465 a multiple of 26?
False
Does 99 divide 1373?
False
Is 22 a factor of 9882?
False
Does 59 divide 6608?
True
Is 37 a factor of 3393?
False
Is 11782 a multiple of 25?
False
Is 15 a factor of 570?
True
Does 189 divide 58023?
True
Is 4 a factor of 4457?
False
Is 2006 a multiple of 61?
False
Does 3 divide 1936?
False
Does 5 divide 741?
False
Is 49 a factor of 772?
False
Is 71 a factor of 137314?
True
Is 62 a factor of 682?
True
Is 17792 a multiple of 32?
True
Is 2012 a multiple of 29?
False
Does 128 divide 7808?
True
Does 5 divide 1255?
True
Is 2100 a multiple of 75?
True
Does 264 divide 3696?
True
Is 3012 a multiple of 2?
True
Is 17 a factor of 52186?
False
Is 14336 a multiple of 64?
True
Is 21 a factor of 6275?
False
Is 11 a factor of 1023?
True
Does 14 divide 728?
True
Is 2415 a multiple of 10?
False
Is 12 a factor of 216?
True
Is 27 a factor of 3076?
False
Is 3033 a multiple of 5?
False
Is 154 a factor of 34496?
True
Does 97 divide 98961?
False
Is 23 a factor of 4584?
False
Does 5 divide 355?
True
Is 24 a factor of 4008?
True
Is 1653 a multiple of 2?
False
Does 11 divide 167?
False
Is 19 a factor of 1336?
False
Is 18890 a multiple of 11?
False
Does 59 divide 31992?
False
Is 19 a factor of 104006?
True
Is 6257 a multiple of 19?
False
Is 380 a multiple of 38?
True
Is 1770 a multiple of 15?
True
Is 76 a factor of 1368?
True
Is 44 a factor of 54320?
False
Is 23 a factor of 46?
True
Is 49 a factor of 29762?
False
Is 200 a multiple of 4?
True
Is 4168 a multiple of 2?
True
Is 5469 a multiple of 68?
False
Is 16428 a multiple of 6?
True
Does 8 divide 400?
True
Does 44 divide 168081?
False
Is 6 a factor of 2628?
True
Is 10872 a multiple of 24?
True
Does 19 divide 764?
False
Is 11 a factor of 880?
True
Is 42 a factor of 49392?
True
Is 635 a multiple of 10?
False
Is 192 a multiple of 16?
True
Is 4752 a multiple of 72?
True
Does 16 divide 19952?
True
Does 95 divide 5073?
False
Is 23 a factor of 1219?
True
Is 381 a multiple of 8?
False
Does 6 divide 24?
True
Does 7 divide 12775?
True
Is 35088 